en (0 - 2)*13/(-2) is divided by v.
3
Let g(a) = -a**3 + 17*a**2 + 8*a - 103. What is the remainder when g(7) is divided by 37?
36
Let t(d) = 18*d**2 + 2*d + 1. Let i be t(-1). Suppose -4*w = -z + 5, 7*z - 2*z + i = -w. Calculate the remainder when 90 is divided by ((-148)/8 - z)*-2.
28
Suppose 100 = -4*h - 3*j, h + 4*j = 4*h + 75. Let n be -1*h/2*2. Suppose 0 = -3*p - 4*t + n, -p - t = 4*p - 70. Calculate the remainder when 57 is divided by p.
12
Let j be (3/6*6)/(2/18). Suppose 2*v - 11 = 3*x - 96, j = x - v. Calculate the remainder when x is divided by 17.
14
Let x = 164 - 99. Let v = x + -56. Calculate the remainder when ((-17)/3)/(2/(-12)) is divided by v.
7
Suppose -5*t + 6*t = 3. Calculate the remainder when 95/35 - (-4)/14 is divided by t.
0
Suppose 0 = -4*u + 5*r - 153 - 28, 2*u - 5*r + 103 = 0. Let g = 42 + u. Let j(m) = -m**3 + 5*m**2 - 2*m + 6. What is the remainder when j(4) is divided by g?
2
Suppose 2*j - 15 = t, 7*t + 12 = j + 8*t. Let x = 38 - 20. Suppose 2*l = 5*l - j, -2*l - x = -3*b. What is the remainder when 23 is divided by b?
7
Let m = -130 - -154. What is the remainder when 63 is divided by m?
15
Let v(c) be the second derivative of c**4/12 + 2*c**2 - 27*c. Calculate the remainder when 77 is divided by v(6).
37
Suppose 4*a - 327 = -f, 0 = 3*f - 3*a - 353 - 658. What is the remainder when f is divided by 24?
23
Let g(s) = -8*s - 57. What is the remainder when 27 is divided by g(-8)?
6
Let l(v) = v**3 - 5*v**2 + 7*v - 5. Let t be l(4). Let f(s) = 6*s - 3. Calculate the remainder when f(t) is divided by 16.
7
Let n = 9 + -6. Suppose -n*d = -4*c + 193 + 23, -2*c = 3*d - 108. Calculate the remainder when c is divided by (-192)/(-12) - (-3)/1.
16
What is the remainder when 33813/299 - 2/23 is divided by 31?
20
Suppose -l - c = 0, -6*c = -2*l - c + 7. Let o(b) = 7*b - 1. What is the remainder when 11 is divided by o(l)?
5
Let j be (-399)/(-27) + (-4)/(-18). Calculate the remainder when 958/j - 4/(-30) is divided by 17.
13
Suppose l + 2*c = 353, 9*c + 332 = l + 4*c. What is the remainder when l is divided by 32?
27
Let z(c) = 5*c**3 - 9*c**3 - c**2 + 8*c**3. What is the remainder when 8 is divided by z(1)?
2
Let h(j) = -22*j + 8. Let q(b) = 7*b**3 + b**2 + b - 1. Let r be q(-1). Let n be h(r). Suppose 2 = 2*v - n. Calculate the remainder when v is divided by 19.
17
Let t be 2/(-12)*-6 + -1 + 2. Suppose -t*q + 20 = -a, 0 = q + q + 4*a. What is the remainder when 11 is divided by q?
3
Suppose -100 = -8*o + 3*o. Let s = -3 + o. What is the remainder when 116 is divided by s?
14
Suppose 38 = 528*r - 526*r. Let g(b) = -10*b - 3. Calculate the remainder when g(-4) is divided by r.
18
Let r(w) be the second derivative of w**5/20 + w**4/3 - 3*w**3/2 - 7*w**2/2 + 5*w. Let b = 18 - 11. What is the remainder when r(-5) is divided by b?
6
What is the remainder when 3 - (-44)/(-16) - (-295)/4 is divided by 11?
8
Suppose 4*j - 88 = -4*j. What is the remainder when (-492)/(-18)*(-9)/(-6) is divided by j?
8
Suppose -33 = -10*x + 27. Suppose 4*n - 64 = -0*n. Calculate the remainder when n is divided by x.
4
Let m = -3 + 6. Suppose g + 40 = 6*g. Suppose -4 = -g*c + 7*c. Calculate the remainder when c is divided by m.
1
Let r(j) = -j**3 + 26*j**2 + 55*j + 66. What is the remainder when r(28) is divided by 21?
17
Suppose -3*i + 2*p + 663 = 0, 9*i = 8*i - p + 216. What is the remainder when i is divided by 59?
42
Let n be 7/2 + -3 - (-1)/2. Let c(r) = 47*r**2 - 5*r + 5. Calculate the remainder when c(n) is divided by 13.
8
What is the remainder when (65/15)/(38/12 - 3) is divided by 8?
2
Let d = -400 + 530. Calculate the remainder when d is divided by 15.
10
Suppose -31*t + 41*t - 70 = 0. Calculate the remainder when 145 is divided by t.
5
Suppose -2 = 2*j - 4*j. Let t = 32 - 22. What is the remainder when t is divided by j/5 + 38/10?
2
Suppose 5*z = 36 + 109. Let b = 47 - 31. Calculate the remainder when z is divided by b.
13
Suppose -469 = 4*p - 3093. Calculate the remainder when (-2)/(-15) - p/(-30) is divided by 14 + 0 + 1 + -2.
9
Let q = 20 + -12. Let x be 2/18 + (-260)/(-9). Suppose -c = 5*h - 2, x + 41 = 3*c - h. Calculate the remainder when c is divided by q.
6
Let k = -21 - -36. Suppose 5*a + 4 + 11 = -4*s, -3*s + 9 = -3*a. Suppose r - 2 = s, 22 = g + 5*r + 4. Calculate the remainder when k is divided by g.
7
Let h = -20 - -43. Let x = 39 - h. What is the remainder when x is divided by 5?
1
Suppose -5 - 7 = -3*n. Suppose 3*b - 417 + 95 = -n*w, -5*b + 530 = 5*w. Calculate the remainder when b is divided by 8.
6
Suppose 4*v - 1 = 35. Calculate the remainder when 93 is divided by v.
3
Suppose -3*h + p + 0*p = -79, -h - 3*p + 23 = 0. Let c = -6 + 8. Suppose -c*x + 22 = -80. What is the remainder when x is divided by h?
25
Let o(s) = -3*s**3 - 2*s**2 + 2*s + 3. Suppose 0 = 74*m - 90*m + 96. Calculate the remainder when o(-2) is divided by m.
3
Suppose -5*c - 5 = 0, 2*c + 154 = -3*t + 7*t. Calculate the remainder when 112 is divided by t.
36
Let x = 17 + -6. What is the remainder when 75 is divided by x?
9
Let q = -485 - -628. Calculate the remainder when q is divided by 24.
23
Let u(g) = -g**2 - 4*g - 10. Let c be u(-7). Let y = -14 - c. Suppose z - 100 = -2*h - 2*z, 5*z = 3*h - 150. What is the remainder when h is divided by y?
16
Let m be (126/49)/((-3)/(-14)). Suppose -2*c = 2*c - m. Suppose v + 112 = 5*a, 4*a + 0*v + c*v - 82 = 0. Calculate the remainder when a is divided by 13.
9
Let v(w) = -w**2 - w + 3. Let u be v(-4). Let l be (3 - 1)/(u - -10). Let b(t) = 5*t**3 + 2*t**2 - 4*t + 2. Calculate the remainder when b(l) is divided by 11.
9
Suppose 22*f - 93 = 985. What is the remainder when f is divided by 17?
15
Let b = 106 + 1. Let n = b + -45. What is the remainder when n is divided by 13?
10
Suppose 8 = 5*p - 2. Suppose -p*f = -5*f + 66. Let h(x) = x**2 + 4*x - 14. What is the remainder when h(-11) is divided by f?
19
Suppose -2*c = -39 + 11. Let j(h) = -h**3 + 6*h**2 + 35*h - 146. What is the remainder when j(5) is divided by c?
12
Calculate the remainder when 418 is divided by 3 - (1 + 3 + -4) - -32.
33
Let t = -36 + 38. Suppose 30 = 3*n + 3*a, 16 = n + n - t*a. What is the remainder when 23 is divided by n?
5
Calculate the remainder when 384 is divided by (-5 + (192*1)/4)/1.
40
Let v = -469 + 327. Let j = v - -147. What is the remainder when 8 is divided by j?
3
Let g = 481 + -463. Suppose 5*u + 2*c = -2*c + 162, -26 = -u - 4*c. Calculate the remainder when u is divided by g.
16
Let g(l) = -3*l + 1. Let j(m) = m. Let b(w) = -g(w) + 4*j(w). Calculate the remainder when 37 is divided by b(2).
11
Let n = -30 - -40. What is the remainder when 25 is divided by n?
5
Let i(h) = -h**3 - 4*h**2 - h - 2. Let v be i(-4). Suppose 0 = -3*s + v*s + 16. What is the remainder when s is divided by 2*9*((-230)/(-20))/23?
7
Suppose -3*x = 2*x - 3*w - 255, 5*w + 265 = 5*x. What is the remainder when x is divided by 21 - (-1 - (3 + 0))?
23
Let z be 3 - 8 - 1/1. Let u = z - -35. Let q = u - 14. Calculate the remainder when q is divided by 8.
7
Let z = -11 - -29. Suppose v - 4*v - z = 0. Let t = 13 + v. Calculate the remainder when 20 is divided by t.
6
Let v = -5 + 9. Suppose -48 = p - v*p. Calculate the remainder when p is divided by (5/2)/(28/56).
1
Suppose 72*c = 10*c + 2666. Let j(s) = -s + 15. Let a be -1 - 1/(-1) - 0. What is the remainder when c is divided by j(a)?
13
Let s = -2 + 0. Let y be ((-36)/(-54))/(s/(-633)). Let v = y - 60. Calculate the remainder when v is divided by 38.
37
Suppose 1141*c + 250 = 1146*c. What is the remainder when 174 is divided by c?
24
Let u(t) = 3*t + 29. Calculate the remainder when 2*(-1)/((-4)/90) is divided by u(-4).
11
Let k be (2/(-6))/(1/261). What is the remainder when ((-4)/(-4))/((-3)/k) is divided by 8?
5
Let u(w) = -w**2 - 17*w - 42. Let h be u(-14). Suppose 4*g - 4*k - 28 = h, 6*k + 23 = 3*g + k. Calculate the remainder when g is divided by 6.
0
Let o = -960 + 971. Let h = -13 + 56. What is the remainder when h is divided by o?
10
Let f = 14 - -9. Let j = f - 20. Calculate the remainder when 4 is divided by j.
1
What is the remainder when (0 + 1 - 3) + (1 - -174) is divided by 11?
8
Let l(j) = -5*j - 1. Let b(r) = -2*r**3 + 34*r**2 - 15*r - 178. Calculate the remainder when b(16) is divided by l(-4)